{"id":40,"date":"2015-06-01T11:51:59","date_gmt":"2015-06-01T09:51:59","guid":{"rendered":"https:\/\/avada.theme-fusion.com\/church\/?page_id=40"},"modified":"2026-02-04T21:10:28","modified_gmt":"2026-02-04T20:10:28","slug":"home","status":"publish","type":"page","link":"https:\/\/www.kameidi.lu\/","title":{"rendered":"W\u00ebllkomm"},"content":{"rendered":"\n<p class=\"has-text-align-center\">De Bartrenger Kam\u00e9idi pr\u00e4sent\u00e9iert:<\/p>\n\n\n\n<p class=\"has-text-align-center\"><\/p>\n\n\n\n<figure class=\"wp-block-image size-large\"><a href=\"https:\/\/www.kameidi.lu\/index.php\/events\/offene-zweierbeziehung\/\"><img decoding=\"async\" width=\"722\" height=\"1024\" src=\"https:\/\/www.kameidi.lu\/wp-content\/uploads\/2026\/02\/2026-Offene-Zweierbeziehung-722x1024.jpg\" alt=\"\" class=\"wp-image-2380\" srcset=\"https:\/\/www.kameidi.lu\/wp-content\/uploads\/2026\/02\/2026-Offene-Zweierbeziehung-722x1024.jpg 722w, https:\/\/www.kameidi.lu\/wp-content\/uploads\/2026\/02\/2026-Offene-Zweierbeziehung-212x300.jpg 212w, https:\/\/www.kameidi.lu\/wp-content\/uploads\/2026\/02\/2026-Offene-Zweierbeziehung-768x1089.jpg 768w, https:\/\/www.kameidi.lu\/wp-content\/uploads\/2026\/02\/2026-Offene-Zweierbeziehung-1083x1536.jpg 1083w, https:\/\/www.kameidi.lu\/wp-content\/uploads\/2026\/02\/2026-Offene-Zweierbeziehung.jpg 1128w\" sizes=\"(max-width: 722px) 100vw, 722px\" \/><\/a><\/figure>\n","protected":false},"excerpt":{"rendered":"<p>De Bartrenger Kam\u00e9idi pr\u00e4sent\u00e9iert:<\/p>\n","protected":false},"author":1,"featured_media":0,"parent":0,"menu_order":0,"comment_status":"closed","ping_status":"closed","template":"","meta":{"_price":"","_stock":"","_tribe_ticket_header":"","_tribe_default_ticket_provider":"","_tribe_ticket_capacity":"0","_ticket_start_date":"","_ticket_end_date":"","_tribe_ticket_show_description":"","_tribe_ticket_show_not_going":false,"_tribe_ticket_use_global_stock":"","_tribe_ticket_global_stock_level":"","_global_stock_mode":"","_global_stock_cap":"","_tribe_rsvp_for_event":"","_tribe_ticket_going_count":"","_tribe_ticket_not_going_count":"","_tribe_tickets_list":"[]","_tribe_ticket_has_attendee_info_fields":false,"footnotes":"","_tec_slr_enabled":"","_tec_slr_layout":""},"class_list":["post-40","page","type-page","status-publish","hentry"],"ticketed":false,"_links":{"self":[{"href":"https:\/\/www.kameidi.lu\/index.php\/wp-json\/wp\/v2\/pages\/40","targetHints":{"allow":["GET"]}}],"collection":[{"href":"https:\/\/www.kameidi.lu\/index.php\/wp-json\/wp\/v2\/pages"}],"about":[{"href":"https:\/\/www.kameidi.lu\/index.php\/wp-json\/wp\/v2\/types\/page"}],"author":[{"embeddable":true,"href":"https:\/\/www.kameidi.lu\/index.php\/wp-json\/wp\/v2\/users\/1"}],"replies":[{"embeddable":true,"href":"https:\/\/www.kameidi.lu\/index.php\/wp-json\/wp\/v2\/comments?post=40"}],"version-history":[{"count":104,"href":"https:\/\/www.kameidi.lu\/index.php\/wp-json\/wp\/v2\/pages\/40\/revisions"}],"predecessor-version":[{"id":2391,"href":"https:\/\/www.kameidi.lu\/index.php\/wp-json\/wp\/v2\/pages\/40\/revisions\/2391"}],"wp:attachment":[{"href":"https:\/\/www.kameidi.lu\/index.php\/wp-json\/wp\/v2\/media?parent=40"}],"curies":[{"name":"wp","href":"https:\/\/api.w.org\/{rel}","templated":true}]}}